{"id":224,"date":"2019-02-21T10:14:57","date_gmt":"2019-02-21T10:14:57","guid":{"rendered":"https:\/\/tapetbari.com\/?page_id=224"},"modified":"2019-02-21T10:14:57","modified_gmt":"2019-02-21T10:14:57","slug":"keshilla","status":"publish","type":"page","link":"https:\/\/tapetbari.com\/index.php\/keshilla\/","title":{"rendered":"Keshilla"},"content":{"rendered":"<div class=\"wpb-content-wrapper\"><p>[vc_row][vc_column][vc_custom_heading text=&#8221;Keshilla&#8221; font_container=&#8221;tag:h3|text_align:left&#8221; google_fonts=&#8221;font_family:Roboto%20Slab%3A100%2C300%2Cregular%2C700|font_style:400%20regular%3A400%3Anormal&#8221; css=&#8221;.vc_custom_1550743584849{border-right-width: 3px !important;background-color: #ffffff !important;border-right-color: #4ec43c !important;border-right-style: solid !important;}&#8221;][\/vc_column][\/vc_row][vc_row][vc_column][vc_column_text]<\/p>\n<p style=\"text-align: justify;\"><span style=\"color: #000000;\">Mir\u00ebmbajtja K\u00ebshilla<\/span><br \/>\n<span style=\"color: #000000;\">Ujitja \u00ebsht\u00eb operacioni m\u00eb i r\u00ebnd\u00ebsish\u00ebm p\u00ebr mir\u00ebmbajtjen e barit. N\u00eb m\u00ebnyr\u00eb q\u00eb nj\u00eb l\u00ebndin\u00eb t\u00eb lul\u00ebzoj\u00eb, ajo duhet t\u00eb ket\u00eb nj\u00eb rr\u00ebnj\u00eb t\u00eb fort\u00eb dhe t\u00eb fuqishme.<\/span><br \/>\n<span style=\"color: #000000;\">Rr\u00ebnj\u00ebt duhet t\u00eb jene zhytur n\u00eb nj\u00eb tok\u00eb te njome dhe t\u00eb ajrosur p\u00ebr t&#8217;u rritur si\u00e7 duhet.<\/span><br \/>\n<span style=\"color: #000000;\">N\u00eb qoft\u00eb se , si shum\u00eb t\u00eb tjer\u00eb , q\u00eb jan\u00eb t\u00eb vendosur p\u00ebr t\u00eb mbajtur te gjelb\u00ebr barin tuaj gjat\u00eb sezonit n\u00eb rritje , eshte e nevojshme:<\/span><br \/>\n<span style=\"color: #000000;\">Te Vadisni rende (shume uje) dhe rrall\u00eb.<\/span><br \/>\n<span style=\"color: #000000;\">Vaditja e rende dhe rrall\u00eb lejon ujin t\u00eb dep\u00ebrtojn\u00eb p\u00ebr 10\/15 cm n\u00eb tok\u00eb dhe n\u00eb k\u00ebt\u00eb m\u00ebnyr\u00eb lejon rr\u00ebnj\u00ebt t\u00eb rriten n\u00eb m\u00ebnyr\u00eb t\u00eb sh\u00ebndetshme.<\/span><br \/>\n<span style=\"color: #000000;\">Vaditja e rende dhe rrall\u00eb prodhon nj\u00eb sistem t\u00eb thell\u00eb dhe t\u00eb gjer\u00eb rr\u00ebnj\u00ebsh, e cila forcon strukturen e barit p\u00ebr t\u2019i rezistuar s\u00ebmundjeve dhe stresit.<\/span><br \/>\n<span style=\"color: #000000;\">Nj\u00eb vaditje e leht\u00eb \u00ebsht\u00eb vet\u00ebm nj\u00eb p\u00ebrfitim p\u00ebr nj\u00eb bar i mbjell\u00eb nga pak koh, kur rr\u00ebnj\u00ebt jan\u00eb zhvilluar n\u00eb pjes\u00ebn e sip\u00ebrme t\u00eb tok\u00ebs . Nd\u00ebrsa kur bari ka kohe q\u00eb \u00ebsht\u00eb mbjell\u00eb, rr\u00ebnj\u00ebt jan\u00eb thell\u00eb n\u00eb tok\u00eb.<\/span><\/p>\n<p>[\/vc_column_text][\/vc_column][\/vc_row]<\/p>\n<\/div>","protected":false},"excerpt":{"rendered":"<p>[vc_row][vc_column][vc_custom_heading text=&#8221;Keshilla&#8221; font_container=&#8221;tag:h3|text_align:left&#8221; google_fonts=&#8221;font_family:Roboto%20Slab%3A100%2C300%2Cregular%2C700|font_style:400%20regular%3A400%3Anormal&#8221; css=&#8221;.vc_custom_1550743584849{border-right-width: 3px !important;background-color: #ffffff !important;border-right-color: #4ec43c !important;border-right-style: solid !important;}&#8221;][\/vc_column][\/vc_row][vc_row][vc_column][vc_column_text] Mir\u00ebmbajtja K\u00ebshilla Ujitja \u00ebsht\u00eb operacioni m\u00eb i r\u00ebnd\u00ebsish\u00ebm p\u00ebr mir\u00ebmbajtjen e barit. N\u00eb m\u00ebnyr\u00eb q\u00eb nj\u00eb l\u00ebndin\u00eb t\u00eb lul\u00ebzoj\u00eb, ajo duhet t\u00eb ket\u00eb nj\u00eb rr\u00ebnj\u00eb t\u00eb fort\u00eb dhe t\u00eb fuqishme. Rr\u00ebnj\u00ebt duhet t\u00eb jene zhytur n\u00eb nj\u00eb tok\u00eb te njome dhe t\u00eb&hellip;<\/p>\n","protected":false},"author":2,"featured_media":0,"parent":0,"menu_order":0,"comment_status":"closed","ping_status":"closed","template":"","meta":{"footnotes":""},"class_list":["post-224","page","type-page","status-publish","hentry","description-off"],"_links":{"self":[{"href":"https:\/\/tapetbari.com\/index.php\/wp-json\/wp\/v2\/pages\/224","targetHints":{"allow":["GET"]}}],"collection":[{"href":"https:\/\/tapetbari.com\/index.php\/wp-json\/wp\/v2\/pages"}],"about":[{"href":"https:\/\/tapetbari.com\/index.php\/wp-json\/wp\/v2\/types\/page"}],"author":[{"embeddable":true,"href":"https:\/\/tapetbari.com\/index.php\/wp-json\/wp\/v2\/users\/2"}],"replies":[{"embeddable":true,"href":"https:\/\/tapetbari.com\/index.php\/wp-json\/wp\/v2\/comments?post=224"}],"version-history":[{"count":2,"href":"https:\/\/tapetbari.com\/index.php\/wp-json\/wp\/v2\/pages\/224\/revisions"}],"predecessor-version":[{"id":226,"href":"https:\/\/tapetbari.com\/index.php\/wp-json\/wp\/v2\/pages\/224\/revisions\/226"}],"wp:attachment":[{"href":"https:\/\/tapetbari.com\/index.php\/wp-json\/wp\/v2\/media?parent=224"}],"curies":[{"name":"wp","href":"https:\/\/api.w.org\/{rel}","templated":true}]}}