{"id":272,"date":"2019-02-21T11:44:59","date_gmt":"2019-02-21T11:44:59","guid":{"rendered":"https:\/\/tapetbari.com\/?page_id=272"},"modified":"2019-02-21T11:44:59","modified_gmt":"2019-02-21T11:44:59","slug":"njoftime","status":"publish","type":"page","link":"https:\/\/tapetbari.com\/index.php\/njoftime\/","title":{"rendered":"Njoftime"},"content":{"rendered":"<div class=\"wpb-content-wrapper\"><p>[vc_row][vc_column][vc_column_text]<\/p>\n<div dir=\"auto\">Panairi AgroTech Expo &amp; Forum 2019 (tek ExpoCity City Park) ne datat 15-16 Mars 2019, cdokush mund te na vizitoje te stenda jone ku mund te shohi produkte tona si Tapet Bari Natyral, Farera Bari, Makineri te Ndryshme per mirembajtjen e Barit.<\/div>\n<div dir=\"auto\"><\/div>\n<div dir=\"auto\"><strong>AgroTech Expo &amp; Forum 2019<\/strong><br \/>\nEdicioni i dyt\u00eb i Panairit Nd\u00ebrkomb\u00ebtar t\u00eb Agrobiznesit dhe Agroteknik\u00ebs i organizuar nga Expocity Albania, do t\u00eb mbahet n\u00eb datat 15-16 Mars 2019.<\/div>\n<div dir=\"auto\"><a href=\"https:\/\/expocity.al\/agrotech-ekspo-forum-2019\/#.XGPhi2nSJ-E\" target=\"_blank\" rel=\"noopener\" data-saferedirecturl=\"https:\/\/www.google.com\/url?q=https:\/\/expocity.al\/agrotech-ekspo-forum-2019\/%23.XGPhi2nSJ-E&amp;source=gmail&amp;ust=1550823726758000&amp;usg=AFQjCNFYXPoOwcLgXteCSmgdeHj_Tbh-hQ\">https:\/\/expocity.al\/agrotech-<wbr \/>ekspo-forum-2019\/#.XGPhi2nSJ-E<\/a><\/div>\n<p>[\/vc_column_text][\/vc_column][\/vc_row]<\/p>\n<\/div>","protected":false},"excerpt":{"rendered":"<p>[vc_row][vc_column][vc_column_text] Panairi AgroTech Expo &amp; Forum 2019 (tek ExpoCity City Park) ne datat 15-16 Mars 2019, cdokush mund te na vizitoje te stenda jone ku mund te shohi produkte tona si Tapet Bari Natyral, Farera Bari, Makineri te Ndryshme per mirembajtjen e Barit. AgroTech Expo &amp; Forum 2019 Edicioni i dyt\u00eb i Panairit Nd\u00ebrkomb\u00ebtar t\u00eb&hellip;<\/p>\n","protected":false},"author":2,"featured_media":0,"parent":0,"menu_order":0,"comment_status":"closed","ping_status":"closed","template":"","meta":{"footnotes":""},"class_list":["post-272","page","type-page","status-publish","hentry","description-off"],"_links":{"self":[{"href":"https:\/\/tapetbari.com\/index.php\/wp-json\/wp\/v2\/pages\/272","targetHints":{"allow":["GET"]}}],"collection":[{"href":"https:\/\/tapetbari.com\/index.php\/wp-json\/wp\/v2\/pages"}],"about":[{"href":"https:\/\/tapetbari.com\/index.php\/wp-json\/wp\/v2\/types\/page"}],"author":[{"embeddable":true,"href":"https:\/\/tapetbari.com\/index.php\/wp-json\/wp\/v2\/users\/2"}],"replies":[{"embeddable":true,"href":"https:\/\/tapetbari.com\/index.php\/wp-json\/wp\/v2\/comments?post=272"}],"version-history":[{"count":2,"href":"https:\/\/tapetbari.com\/index.php\/wp-json\/wp\/v2\/pages\/272\/revisions"}],"predecessor-version":[{"id":274,"href":"https:\/\/tapetbari.com\/index.php\/wp-json\/wp\/v2\/pages\/272\/revisions\/274"}],"wp:attachment":[{"href":"https:\/\/tapetbari.com\/index.php\/wp-json\/wp\/v2\/media?parent=272"}],"curies":[{"name":"wp","href":"https:\/\/api.w.org\/{rel}","templated":true}]}}