{"id":280,"date":"2025-03-12T10:13:31","date_gmt":"2025-03-12T10:13:31","guid":{"rendered":"https:\/\/tapetbari.com\/?page_id=280"},"modified":"2025-03-12T11:33:15","modified_gmt":"2025-03-12T11:33:15","slug":"village-green","status":"publish","type":"page","link":"https:\/\/tapetbari.com\/index.php\/village-green\/","title":{"rendered":"Village Green"},"content":{"rendered":"<div class=\"wpb-content-wrapper\"><p>[vc_row][vc_column width=&#8221;1\/2&#8243;][vc_custom_heading text=&#8221;Pse t\u00eb zgjidhni Village Green\u00ae?&#8221; use_theme_fonts=&#8221;yes&#8221;][vc_column_text css=&#8221;.vc_custom_1741774461856{padding-top: -20px !important;}&#8221;]Tapeti i Barit <strong>Village Green\u00ae<\/strong> \u00ebsht\u00eb p\u00ebrzgjedhur n\u00eb Australi dhe \u00ebsht\u00eb testuar gjer\u00ebsisht n\u00eb t\u00eb gjith\u00eb pellgun e Mesdheut Evropian p\u00ebr kopshte t\u00eb vilave private, hap\u00ebsira publike dhe fusha sportive.<\/p>\n<p>Zgjidhja p\u00ebr nj\u00eb<strong> l\u00ebndin\u00eb t\u00eb gjelb\u00ebr dhe rezistente, p\u00ebr p\u00ebrdorim sportiv ose rekreativ<\/strong>[\/vc_column_text][vc_tta_accordion active_section=&#8221;&#8221;][vc_tta_section title=&#8221; Q\u00ebndrueshm\u00ebria ekologjike&#8221; tab_id=&#8221;1741774536419-ac7da6e3-f966&#8243;][vc_column_text]Village Green\u00ae \u00ebsht\u00eb nj\u00eb aleat i v\u00ebrtet\u00eb i mjedisit: nj\u00eb l\u00ebndin\u00eb e bukur dhe e but\u00eb p\u00ebr t\u00eb ecur me ndikim t\u00eb ul\u00ebt mjedisor.<\/p>\n<p>Pikat e forta:<\/p>\n<ul>\n<li>\u00cbsht\u00eb i vetmi Kikuyu steril i patentuar n\u00eb Evrop\u00eb pasi nuk \u00ebsht\u00eb infektues (Patente EU39360).<\/li>\n<li>Kursimi i ujit: 40% m\u00eb pak se sa mikrotermale dhe deri n\u00eb 30% krahasuar me makrotermale.<\/li>\n<li>Deri n\u00eb 50% m\u00eb pak plehra dhe fungicide.<\/li>\n<\/ul>\n<p>[\/vc_column_text][\/vc_tta_section][vc_tta_section title=&#8221;Leht\u00eb p\u00ebr t&#8217;u mirmbajtur&#8221; tab_id=&#8221;1741774536428-235d1431-4ba0&#8243;][vc_column_text]Village Green\u00ae p\u00ebrshtatet mir\u00eb me shumic\u00ebn e tokave dhe kushteve t\u00eb ndryshme klimatike.<\/p>\n<p>Pikat te forta:<\/p>\n<ul>\n<li>P\u00ebrshtatet mir\u00eb me prerjen\/kositese spirale dhe, ndryshe nga Bermuda, edhe me prerjen\/kositese rrotulluese.<\/li>\n<li>Ideale p\u00ebr prerje robotike.<\/li>\n<li>Gama e gjer\u00eb e p\u00ebrdorimeve, nga sportet e deri te hap\u00ebsirat e gjelb\u00ebruara publike dhe kopshtet private t\u00eb vilave dhe hoteleve.<\/li>\n<\/ul>\n<p>[\/vc_column_text][\/vc_tta_section][\/vc_tta_accordion][\/vc_column][vc_column width=&#8221;1\/2&#8243;][vc_single_image image=&#8221;283&#8243; img_size=&#8221;full&#8221; alignment=&#8221;center&#8221;][\/vc_column][\/vc_row][vc_row bg_type=&#8221;bg_color&#8221; bg_override=&#8221;ex-full&#8221; css=&#8221;.vc_custom_1741776889646{margin-top: 40px !important;padding-top: 50px !important;padding-bottom: 50px !important;}&#8221; bg_color_value=&#8221;#f7f7f7&#8243;][vc_column width=&#8221;1\/2&#8243;][vc_single_image image=&#8221;286&#8243; img_size=&#8221;full&#8221; alignment=&#8221;center&#8221;][\/vc_column][vc_column width=&#8221;1\/2&#8243;]<div class=\"ult-spacer spacer-69f5aa9ea50fc\" data-id=\"69f5aa9ea50fc\" data-height=\"20\" data-height-mobile=\"20\" data-height-tab=\"20\" data-height-tab-portrait=\"\" data-height-mobile-landscape=\"\" style=\"clear:both;display:block;\"><\/div>[vc_custom_heading text=&#8221;Aktivitet i fort\u00eb dim\u00ebror&#8221; use_theme_fonts=&#8221;yes&#8221;][vc_column_text]N\u00eb shum\u00eb rajone t\u00eb Mesdheut, Village Green\u00ae mund t\u00eb mblidhet dhe shtrohet gjat\u00eb gjith\u00eb vitit.<\/p>\n<p>Pikat e forta:<\/p>\n<ul>\n<li>Rikuperim i shpejt\u00eb gjat\u00eb transplantimit.<\/li>\n<li>Performanc\u00eb m\u00eb e mir\u00eb gjat\u00eb dimrit n\u00eb krahasim me makrotermat e tjera.<\/li>\n<li>Hulumtimet tregojn\u00eb se Village Green \u00ebsht\u00eb specia m\u00eb\u00a0aktive n\u00eb periudh\u00ebn e dimrit n\u00eb krahasim me t\u00eb gjitha makrotermat e tjera.<\/li>\n<\/ul>\n<p>[\/vc_column_text][\/vc_column][\/vc_row][vc_row css=&#8221;.vc_custom_1741776908314{margin-top: 50px !important;}&#8221;][vc_column][vc_custom_heading text=&#8221;Aplikimet e Village Green\u00ae&#8221; font_container=&#8221;tag:h2|text_align:center&#8221; use_theme_fonts=&#8221;yes&#8221;][vc_column_text]<\/p>\n<p style=\"text-align: center;\">Vitet e fundit, <strong>Village Green\u00ae<\/strong> ka par\u00eb rritjen e k\u00ebrkes\u00ebs s\u00eb tij si p\u00ebr aplikime n\u00eb sektorin privat (<strong>kopshte vilash, resorte dhe hotele<\/strong>) ashtu edhe p\u00ebr sporte dhe mjedise publike <strong>fal\u00eb ngjyr\u00ebs s\u00eb gjelb\u00ebr intensive gjat\u00eb gjith\u00eb vitit<\/strong> dhe <strong>rezistenc\u00ebs ndaj that\u00ebsir\u00ebs dhe shkeljes<\/strong><\/p>\n<p>[\/vc_column_text][vc_row_inner][vc_column_inner width=&#8221;1\/3&#8243;][vc_custom_heading text=&#8221; VILAT DHE HOTELE&#8221; font_container=&#8221;tag:h3|text_align:left&#8221; use_theme_fonts=&#8221;yes&#8221;][vc_column_text]<strong>Pikat e forta p\u00ebr k\u00ebt\u00eb lloj aplikimi:<\/strong><\/p>\n<ul>\n<li>paraqitje estetike e shk\u00eblqyer<\/li>\n<li>rezistenc\u00eb e lart\u00eb ndaj trafikut (kafsh\u00ebt sht\u00ebpiake dhe Evente)<\/li>\n<li>mir\u00ebmbajtje e ul\u00ebt (p\u00ebrdorimi i reduktuar i ujit dhe plehrave) me kursime pasuese<\/li>\n<\/ul>\n<p>[\/vc_column_text][\/vc_column_inner][vc_column_inner width=&#8221;1\/3&#8243;][vc_custom_heading text=&#8221;HAPESIRAT PUBLIKE&#8221; font_container=&#8221;tag:h3|text_align:left&#8221; use_theme_fonts=&#8221;yes&#8221;][vc_column_text]<strong>Pikat e forta p\u00ebr k\u00ebt\u00eb lloj aplikimi:<\/strong><\/p>\n<ul>\n<li>paraqitje estetike e shk\u00eblqyer n\u00eb \u00e7do lart\u00ebsi prerjeje<\/li>\n<li>mir\u00ebmbajtje e leht\u00eb<\/li>\n<li>rezistenc\u00eb e shk\u00eblqyer ndaj shkeljes<\/li>\n<li>K\u00ebrkesa e ul\u00ebt p\u00ebr uj\u00eb dhe pa input kimik<\/li>\n<\/ul>\n<p>[\/vc_column_text][\/vc_column_inner][vc_column_inner width=&#8221;1\/3&#8243;][vc_custom_heading text=&#8221;FUSHAT SPORTIVE&#8221; font_container=&#8221;tag:h3|text_align:left&#8221; use_theme_fonts=&#8221;yes&#8221;][vc_column_text]<strong>Pikat e forta p\u00ebr k\u00ebt\u00eb lloj aplikimi:<\/strong><\/p>\n<ul>\n<li>rezistenc\u00eb e lart\u00eb ndaj shkeljes<\/li>\n<li>zhvillimi i vrullsh\u00ebm dhe shpejt\u00ebsia e rikuperimit<\/li>\n<li>cil\u00ebsi dhe ngjyra e shk\u00eblqyer estetike<\/li>\n<li>sip\u00ebrfaqe e sigurt e loj\u00ebs<\/li>\n<li>aktivitet i shk\u00eblqyer metabolik dim\u00ebror<\/li>\n<\/ul>\n<p>[\/vc_column_text][\/vc_column_inner][\/vc_row_inner][\/vc_column][\/vc_row][vc_row bg_type=&#8221;bg_color&#8221; bg_override=&#8221;ex-full&#8221; css=&#8221;.vc_custom_1741776889646{margin-top: 40px !important;padding-top: 50px !important;padding-bottom: 50px !important;}&#8221; bg_color_value=&#8221;#f7f7f7&#8243;][vc_column][vc_custom_heading text=&#8221;Prodhuesit e certifikuar t\u00eb Village Green\u00ae&#8221; font_container=&#8221;tag:h2|text_align:center&#8221; use_theme_fonts=&#8221;yes&#8221;][vc_column_text]<\/p>\n<p style=\"text-align: center;\">Ne kemi krijuar nj\u00eb <strong>komunitet t\u00eb Prodhuesve Profesionist\u00eb t\u00eb Certifikuar t\u00eb tapeteve te barit<\/strong> t\u00eb cil\u00ebt jan\u00eb shtylla kurrizore e biznesit ton\u00eb dhe jan\u00eb p\u00ebrgjegj\u00ebs p\u00ebr <strong>prodhimin e tapet bari cil\u00ebsor<\/strong>.\u00a0<strong>Village Green\u00ae<\/strong> \u00ebsht\u00eb mund\u00ebsia q\u00eb nj\u00eb prodhues te tapet bari t\u00eb p\u00ebrfshihet n\u00eb projekte q\u00eb dallohen nga puna tradicionale me tapeteve te barit. Komuniteti yn\u00eb i <strong>Prodhuesve t\u00eb Autorizuar t\u00eb Village Green\u00ae<\/strong> rritet duke ndar\u00eb dhe bashk\u00ebpunuar me arkitekt\u00ebt m\u00eb t\u00eb mir\u00eb t\u00eb peizazhit, kopshtar\u00ebt, nd\u00ebrtuesit e Gjelberimit, fushave dhe bashkit\u00eb. Aktualisht, ne prodhojm\u00eb <strong>Village Green\u00ae n\u00eb t\u00eb gjith\u00eb pellgun e Mesdheut<\/strong>.<\/p>\n<p style=\"text-align: center;\"><strong>\u00a0<\/strong><\/p>\n<p>[\/vc_column_text][vc_row_inner][vc_column_inner width=&#8221;1\/2&#8243;][vc_single_image image=&#8221;292&#8243; img_size=&#8221;full&#8221; alignment=&#8221;center&#8221;][\/vc_column_inner][vc_column_inner width=&#8221;1\/2&#8243;][vc_column_text]Prodhuesit tan\u00eb udh\u00ebhiqen p\u00ebr cil\u00ebsin\u00eb e prodhimit nga nj\u00eb <strong>kod sjelljeje<\/strong> q\u00eb garanton se ata marrin nj\u00eb produkt t\u00eb cilesise te larte.<\/p>\n<p>\u00c7do klient do t\u00eb marr\u00eb nj\u00eb <strong>Certifikat\u00eb t\u00eb Autenticitetit<\/strong> e cila v\u00ebrteton past\u00ebrtin\u00eb, origjin\u00ebn dhe cil\u00ebsin\u00eb e tij. Asnj\u00eb specie tjet\u00ebr te tapeteve te barit nuk e ofron k\u00ebt\u00eb garanci.<\/p>\n<p>Me k\u00ebto kredenciale Village Green\u00ae ka d\u00ebshmuar veten t\u00eb jet\u00eb nj\u00eb tapet bari me cil\u00ebsi t\u00eb lart\u00eb dhe performanc\u00eb t\u00eb lart\u00eb p\u00ebr rajonin e Mesdheut t\u00eb Evrop\u00ebs.[\/vc_column_text][vc_column_text]Ne jemi i vetmi Prodhues te li\u00e7ensuar ne Shqiperi nga Village Green per prodhimin e ketij varjetet te tapetit te barit\u00a0<strong><a href=\"https:\/\/villagegreeneurope.com\/\">www.villagegreeneurope.com<\/a><\/strong>[\/vc_column_text][vc_single_image image=&#8221;304&#8243; img_size=&#8221;full&#8221;][\/vc_column_inner][\/vc_row_inner][\/vc_column][\/vc_row][vc_row][vc_column width=&#8221;1\/4&#8243;][vc_single_image image=&#8221;295&#8243; img_size=&#8221;full&#8221; alignment=&#8221;center&#8221;][\/vc_column][vc_column width=&#8221;1\/4&#8243;][vc_single_image image=&#8221;296&#8243; img_size=&#8221;full&#8221; alignment=&#8221;center&#8221;][\/vc_column][vc_column width=&#8221;1\/4&#8243;][vc_single_image image=&#8221;297&#8243; img_size=&#8221;full&#8221; alignment=&#8221;center&#8221;][\/vc_column][vc_column width=&#8221;1\/4&#8243;][vc_single_image image=&#8221;299&#8243; img_size=&#8221;250&#215;191&#8243; alignment=&#8221;center&#8221;][\/vc_column][\/vc_row]<\/p>\n<\/div>","protected":false},"excerpt":{"rendered":"<p>[vc_row][vc_column width=&#8221;1\/2&#8243;][vc_custom_heading text=&#8221;Pse t\u00eb zgjidhni Village Green\u00ae?&#8221; use_theme_fonts=&#8221;yes&#8221;][vc_column_text css=&#8221;.vc_custom_1741774461856{padding-top: -20px !important;}&#8221;]Tapeti i Barit Village Green\u00ae \u00ebsht\u00eb p\u00ebrzgjedhur n\u00eb Australi dhe \u00ebsht\u00eb testuar gjer\u00ebsisht n\u00eb t\u00eb gjith\u00eb pellgun e Mesdheut Evropian p\u00ebr kopshte t\u00eb vilave private, hap\u00ebsira publike dhe fusha sportive. Zgjidhja p\u00ebr nj\u00eb l\u00ebndin\u00eb t\u00eb gjelb\u00ebr dhe rezistente, p\u00ebr p\u00ebrdorim sportiv ose rekreativ[\/vc_column_text][vc_tta_accordion active_section=&#8221;&#8221;][vc_tta_section title=&#8221;&hellip;<\/p>\n","protected":false},"author":2,"featured_media":0,"parent":0,"menu_order":0,"comment_status":"closed","ping_status":"closed","template":"","meta":{"footnotes":""},"class_list":["post-280","page","type-page","status-publish","hentry","description-off"],"_links":{"self":[{"href":"https:\/\/tapetbari.com\/index.php\/wp-json\/wp\/v2\/pages\/280","targetHints":{"allow":["GET"]}}],"collection":[{"href":"https:\/\/tapetbari.com\/index.php\/wp-json\/wp\/v2\/pages"}],"about":[{"href":"https:\/\/tapetbari.com\/index.php\/wp-json\/wp\/v2\/types\/page"}],"author":[{"embeddable":true,"href":"https:\/\/tapetbari.com\/index.php\/wp-json\/wp\/v2\/users\/2"}],"replies":[{"embeddable":true,"href":"https:\/\/tapetbari.com\/index.php\/wp-json\/wp\/v2\/comments?post=280"}],"version-history":[{"count":17,"href":"https:\/\/tapetbari.com\/index.php\/wp-json\/wp\/v2\/pages\/280\/revisions"}],"predecessor-version":[{"id":308,"href":"https:\/\/tapetbari.com\/index.php\/wp-json\/wp\/v2\/pages\/280\/revisions\/308"}],"wp:attachment":[{"href":"https:\/\/tapetbari.com\/index.php\/wp-json\/wp\/v2\/media?parent=280"}],"curies":[{"name":"wp","href":"https:\/\/api.w.org\/{rel}","templated":true}]}}